
What is the hundreds digit of 1685?
6
What is the units digit of 2599?
9
What is the thousands digit of 14313?
4
What is the tens digit of 4138?
3
What is the units digit of 545?
5
What is the units digit of 968?
8
What is the hundreds digit of 718?
7
What is the tens digit of 57505?
0
What is the tens digit of 91198?
9
What is the tens digit of 4152?
5
What is the tens digit of 2532?
3
What is the tens digit of 55393?
9
What is the tens digit of 736?
3
What is the hundreds digit of 488?
4
What is the hundreds digit of 1950?
9
What is the units digit of 53690?
0
What is the thousands digit of 8923?
8
What is the tens digit of 9467?
6
What is the thousands digit of 17295?
7
What is the hundreds digit of 10798?
7
What is the hundreds digit of 20310?
3
What is the units digit of 304?
4
What is the units digit of 27918?
8
What is the hundreds digit of 28620?
6
What is the ten thousands digit of 25074?
2
What is the thousands digit of 107824?
7
What is the units digit of 13193?
3
What is the hundreds digit of 10225?
2
What is the hundreds digit of 2071?
0
What is the tens digit of 4335?
3
What is the hundreds digit of 18001?
0
What is the tens digit of 2381?
8
What is the hundreds digit of 16547?
5
What is the units digit of 706?
6
What is the thousands digit of 2488?
2
What is the units digit of 9?
9
What is the hundreds digit of 46895?
8
What is the hundreds digit of 6003?
0
What is the tens digit of 668?
6
What is the hundreds digit of 91469?
4
What is the ten thousands digit of 17474?
1
What is the tens digit of 833?
3
What is the hundreds digit of 1809?
8
What is the tens digit of 1178?
7
What is the tens digit of 92927?
2
What is the tens digit of 85?
8
What is the tens digit of 19059?
5
What is the hundreds digit of 105875?
8
What is the units digit of 2800?
0
What is the hundreds digit of 91324?
3
What is the units digit of 1350?
0
What is the tens digit of 2267?
6
What is the hundreds digit of 3230?
2
What is the thousands digit of 3776?
3
What is the hundreds digit of 18316?
3
What is the thousands digit of 2293?
2
What is the hundreds digit of 149308?
3
What is the units digit of 10058?
8
What is the tens digit of 10646?
4
What is the hundred thousands digit of 173474?
1
What is the tens digit of 1031?
3
What is the units digit of 11975?
5
What is the hundreds digit of 344?
3
What is the units digit of 6216?
6
What is the units digit of 393?
3
What is the thousands digit of 30607?
0
What is the hundreds digit of 215?
2
What is the hundreds digit of 45825?
8
What is the tens digit of 2418?
1
What is the thousands digit of 2966?
2
What is the thousands digit of 28434?
8
What is the units digit of 1020?
0
What is the ten thousands digit of 108622?
0
What is the units digit of 1774?
4
What is the units digit of 359?
9
What is the units digit of 11413?
3
What is the units digit of 14572?
2
What is the units digit of 2018?
8
What is the tens digit of 679?
7
What is the tens digit of 116772?
7
What is the tens digit of 3606?
0
What is the ten thousands digit of 24908?
2
What is the tens digit of 14868?
6
What is the units digit of 1026?
6
What is the thousands digit of 166741?
6
What is the thousands digit of 1158?
1
What is the hundreds digit of 33440?
4
What is the units digit of 499?
9
What is the tens digit of 5471?
7
What is the thousands digit of 2368?
2
What is the units digit of 744?
4
What is the thousands digit of 48265?
8
What is the tens digit of 138238?
3
What is the tens digit of 137056?
5
What is the units digit of 792?
2
What is the units digit of 288?
8
What is the tens digit of 5524?
2
What is the ten thousands digit of 16033?
1
What is the hundreds digit of 11357?
3
What is the tens digit of 456?
5
What is the hundreds digit of 54079?
0
What is the units digit of 4882?
2
What is the hundreds digit of 1423?
4
What is the units digit of 2129?
9
What is the units digit of 1502?
2
What is the tens digit of 2478?
7
What is the tens digit of 2196?
9
What is the hundreds digit of 11904?
9
What is the units digit of 4344?
4
What is the hundreds digit of 238?
2
What is the units digit of 1114?
4
What is the hundreds digit of 3157?
1
What is the units digit of 11441?
1
What is the tens digit of 15?
1
What is the thousands digit of 2536?
2
What is the tens digit of 255?
5
What is the hundreds digit of 5525?
5
What is the hundreds digit of 726?
7
What is the ten thousands digit of 40886?
4
What is the units digit of 9025?
5
What is the tens digit of 84?
8
What is the tens digit of 329?
2
What is the thousands digit of 2766?
2
What is the hundreds digit of 17662?
6
What is the hundreds digit of 3990?
9
What is the hundreds digit of 1128?
1
What is the tens digit of 1311?
1
What is the thousands digit of 1370?
1
What is the hundreds digit of 40026?
0
What is the tens digit of 94237?
3
What is the hundreds digit of 1392?
3
What is the ten thousands digit of 10758?
1
What is the hundreds digit of 15645?
6
What is the units digit of 292?
2
What is the units digit of 2318?
8
What is the units digit of 1484?
4
What is the thousands digit of 12006?
2
What is the thousands digit of 6207?
6
What is the units digit of 5651?
1
What is the hundreds digit of 2364?
3
What is the tens digit of 789?
8
What is the units digit of 60430?
0
What is the thousands digit of 4597?
4
What is the units digit of 89408?
8
What is the thousands digit of 9726?
9
What is the thousands digit of 6300?
6
What is the tens digit of 8977?
7
What is the thousands digit of 1592?
1
What is the thousands digit of 1255?
1
What is the units digit of 9230?
0
What is the units digit of 801?
1
What is the thousands digit of 1116?
1
What is the thousands digit of 1191?
1
What is the units digit of 2453?
3
What is the tens digit of 18405?
0
What is the units digit of 14421?
1
What is the hundreds digit of 33491?
4
What is the tens digit of 20889?
8
What is the units digit of 1014?
4
What is the hundreds digit of 795?
7
What is the thousands digit of 1115?
1
What is the tens digit of 10720?
2
What is the units digit of 10563?
3
What is the thousands digit of 6109?
6
What is the units digit of 5531?
1
What is the units digit of 605?
5
What is the tens digit of 42631?
3
What is the ten thousands digit of 15923?
1
What is the units digit of 3663?
3
What is the thousands digit of 1755?
1
What is the tens digit of 1100?
0
What is the units digit of 11639?
9
What is the tens digit of 1867?
6
What is the units digit of 17858?
8
What is the ten thousands digit of 27399?
2
What is the units digit of 2011?
1
What is the tens digit of 48095?
9
What is the tens digit of 10246?
4
What is the units digit of 48657?
7
What is the thousands digit of 2188?
2
What is the hundreds digit of 841?
8
What is the units digit of 2703?
3
What is the ten thousands digit of 107456?
0
What is the hundreds digit of 5156?
1
What is the hundreds digit of 12195?
1
What is the hundreds digit of 18375?
3
What is the hundreds digit of 738?
7
What is the tens digit of 200?
0
What is the thousands digit of 1043?
1
What is the hundreds digit of 166595?
5
What is the thousands digit of 41064?
1
What is the thousands digit of 32061?
2
What is the hundreds digit of 1056?
0
What is the tens digit of 5792?
9
What is the thousands digit of 55848?
5
What is the tens digit of 371?
7
What is the tens digit of 3373?
7
What is the thousands digit of 5078?
5
What is the units digit of 226?
6
What is the hundreds digit of 6345?
3
What is the tens digit of 30384?
8
What is the thousands digit of 13990?
3
What is the tens digit of 13815?
1
What is the units digit of 791?
1
What is the units digit of 6627?
7
What is the units digit of 32654?
4
What is the thousands digit of 1303?
1
What is the hundreds digit of 6166?
1
What is the tens digit of 15326?
2
What is the units digit of 580?
0
What is the tens digit of 8439?
3
What is the hundreds digit of 347?
3
What is the hundreds digit of 462?
4
What is the units digit of 50368?
8
What is the tens digit of 5191?
9
What is the thousands digit of 2985?
2
What is the tens digit of 121?
2
What is the ten thousands digit of 16242?
1
What is the tens digit of 116?
1
What is the thousands digit of 12546?
2
What is the ten thousands digit of 15933?
1
What is the tens digit of 752?
5
What is the t